b - 2. Let q(r) = c*t(r) - 8*p(r). What is the units digit of q(-4)?
9
Let g(a) = -a**3 + 13*a**2 - 10*a - 10. Let t(y) = 3*y + 0*y - 2*y - 2*y + 6. Let d be t(-6). What is the units digit of g(d)?
4
Suppose 4*x - 5*r - 4 = 0, -4*r = -3*x - 5*r + 22. Let k(j) = 13*j - x - 3*j + 0*j. What is the tens digit of k(4)?
3
Let z = -7839 + 11752. What is the thousands digit of z?
3
Let h = 7128 + -4911. What is the units digit of h?
7
Suppose 24*c = 7505 + 5863. What is the hundreds digit of c?
5
Let i be (1/(-2))/(5/(-290)). Let j be i*(3 + -2)*1. Suppose -j - 5 = -2*t. What is the units digit of t?
7
Let w be (205/(-10))/(2/12*-3). Let h = w - -199. What is the hundreds digit of h?
2
Let m(q) = q**2 - q + 12. Let v(g) = -g**3 + 13*g**2 - 11*g - 12. Let w be (-45)/(-3)*(-4)/(-5). Let u be v(w). What is the tens digit of m(u)?
1
Let c = 17 - 9. Suppose -c*a = -3*a. What is the units digit of (-4)/12*(-12 + a)?
4
Suppose -8*x - 24*x + 12288 = 0. What is the hundreds digit of x?
3
Suppose b = 3*s - 0*b - 143, 3*s + 2*b = 128. What is the units digit of s?
6
Let w(j) be the third derivative of -11/24*j**4 + 0 + 0*j**3 + 0*j + j**2. What is the units digit of w(-1)?
1
Let j(w) be the first derivative of -w**4/2 - 19*w**3/3 + 9*w**2 + 23*w - 50. What is the hundreds digit of j(-11)?
1
Suppose 9*z - 20 = 14*z. What is the hundreds digit of z + 2 + (-5 + 2 - -109)?
1
Suppose -7*t + 1854 + 1205 = 0. Suppose 7*l - t + 101 = 0. What is the units digit of l?
8
What is the hundreds digit of (-6)/(-2) - (1 + 2 + -923)?
9
Let h(f) = f**3 - 2*f**2 + 1. Let n be h(2). Let v be -2 - (-1*4)/n. Suppose -v*z = z - 33. What is the tens digit of z?
1
Suppose -2*r - 7 = -3. Let q be -4 + 10 - (-6)/r. Suppose 0 = -q*n + 7 + 8. What is the units digit of n?
5
Suppose 2758 = 6*u - 2552. What is the hundreds digit of u?
8
Let n be (-26)/(-22) - 18/99. Suppose -j + 2*j - 13 = -4*c, j + c - n = 0. What is the tens digit of j/(-12) + (-219)/(-4)?
5
Let h = -1173 + 2450. What is the units digit of h?
7
Let x(l) = 3*l**2 + 4. Let m be x(-7). What is the units digit of m*(2 - 1) - (-5 + 4)?
2
Let q = 240 - 138. Suppose 0*r = -3*r - q. Let u = r + 59. What is the units digit of u?
5
Let p(l) = -l**3 + 8*l**2 + 6*l - 4. Let s be (-114)/(-14) - 6/42. What is the tens digit of p(s)?
4
Suppose -4*l + 1344 = 2*i, 0 = 7*l - 3*l + 3*i - 1344. What is the hundreds digit of l?
3
Suppose 1593 = 5*b - 52. What is the units digit of b?
9
Suppose -12*b + 14*b = 4. Suppose -786 = -5*o - k, 0*o - 3*o + 466 = b*k. What is the hundreds digit of o?
1
Suppose -4*n = -5*x - 0*x - 41, -4*n = 3*x - 1. Suppose -7*d - n*b = -3*d - 556, -2*b + 704 = 5*d. What is the units digit of d?
2
Suppose 0 = 3*f + 2*f - 18200. Suppose -7*l - 7*l = -f. What is the hundreds digit of l?
2
What is the tens digit of (2938 - 167) + 1*4?
7
Let u(o) = -o**2 - 12*o + 5. Let b be u(-13). Suppose -8 = 3*m + 4. What is the units digit of (6/b)/(m/16)?
3
Let d(y) = y**3 - 8*y**2 + 15*y - 5. What is the units digit of d(7)?
1
Let x be (6/8)/(1/(-48)). Let y = 64 + x. What is the units digit of y?
8
Let w = 1611 + -488. What is the units digit of w?
3
Suppose 913 = 5*y + 3*w - 6619, 2*w - 6024 = -4*y. What is the tens digit of y?
0
Suppose -2*l - 2*a + 436 = 0, 0 = 89*l - 93*l + 3*a + 844. What is the units digit of l?
4
Let r = -321 + 365. What is the tens digit of r?
4
Let v(z) = 12*z**2 - 11*z + 2. Let w(s) = -6*s**2 + 5*s - 1. Let j(c) = -6*v(c) - 13*w(c). Let m be j(-1). Suppose -2*o + m = o. What is the units digit of o?
2
Suppose -b + 4*b = -9. Let a be b/15 - 357/15. Let x = a + 46. What is the units digit of x?
2
Let m = 11 + -8. Suppose -2*c = 3*a - 302, -7 + m = -4*c. What is the tens digit of a?
0
Let w be (-114)/24 + (-3)/(-4). Let f(q) = q**3 + 3*q**2 - 4*q + 4. Let r be f(w). Suppose -4*n - 87 = -5*i, 11 + 1 = -r*n. What is the tens digit of i?
1
Let n(j) = 4*j**2 - 56*j - 113. What is the tens digit of n(39)?
8
Let p(z) = z + 6. Let u(c) = 0*c - 3*c - 3*c - 1. Let d be u(-1). What is the units digit of p(d)?
1
Let k = 3753 + -2633. Suppose -k = 4*m - 12*m. What is the units digit of m?
0
Suppose 4*c + 2 = 14. Suppose 2 = -c*j + 4*j. Suppose 4*f = j*f + 58. What is the units digit of f?
9
Let i(r) be the third derivative of r**6/120 - 2*r**5/15 - r**4/3 + 29*r**3/6 + 2*r**2. What is the tens digit of i(10)?
4
Let d = 72 - 71. What is the units digit of (-54)/135*(-145)/d?
8
Let a = -5 - -22. Suppose 4*f - p = -29, a = f - 3*f + p. What is the units digit of (-1 - -2 - f) + 0?
7
Let h(o) = o**2 + 3*o - 10. Let z be h(-5). Let u(g) = -g + 2 + 7 + 4. What is the units digit of u(z)?
3
Let t be 690*(2/(-10) - -1). Suppose -t = -8*b + 376. What is the hundreds digit of b?
1
Let v = 24 + -40. Let f be ((-12)/8)/((-6)/v). What is the tens digit of f/(-6)*(-285)/(-10)?
1
Suppose 3*x + 6717 - 10779 = 0. What is the hundreds digit of x?
3
Let d(z) = -4*z - 15. Let f be d(-5). Suppose 4*h - 7 = -r, -f*h - 66 = -2*r - 0*h. What is the tens digit of r?
2
Let x(u) = -48*u - 383. What is the hundreds digit of x(-19)?
5
Let x be 3/5*(18 - 13). Suppose 3*y - 66 = -5*p, p + x*p = 2*y + 44. Suppose 12 = o - 5*w, -4*o - 2*w + p = -4*w. What is the units digit of o?
2
Let g be ((-12)/42)/((-3)/7)*276. Let c = g + -131. What is the tens digit of c?
5
Let k = -846 + 1936. What is the units digit of k?
0
Let t(l) = -1315*l + 16. What is the units digit of t(-2)?
6
Suppose 0 = -5*f - 20, 7*i - 2*f - 1176 = 3*i. Suppose -10*d + 6*d + i = 0. What is the units digit of d?
3
Suppose 4*u - 3 = 5. Suppose -u*t - 3*t = 15. Let h = t + 31. What is the tens digit of h?
2
Let t = -9 - -2. Let k = 68 + t. What is the tens digit of k?
6
Suppose d + 4*d - 2332 = -3*y, -y = -5*d + 2316. What is the hundreds digit of d?
4
Let o = 2 + 2. Suppose 5*w - 5*q - 292 = w, 292 = o*w + q. Suppose w = 5*h - c, 2*h = 5*h + 4*c - 53. What is the units digit of h?
5
Let i be (2/6)/((-1)/6). Let z = 1 - i. What is the units digit of -2 + (z - -6)/3?
1
Let v = -295 - -175. Let s be (v/(-36))/((-2)/(-3)). Suppose 4*w - 73 = -4*u + u, -s*u = w - 99. What is the tens digit of u?
1
Let v(r) = r**3 + 7*r**2 + 3*r - 2. Let o be v(-5). Let h = -71 - -72. What is the units digit of o - (h - 1 - -2)?
1
Let y = 34 - 36. Let u(r) = -11*r + 2. What is the tens digit of u(y)?
2
Suppose 3*r - r - 312 = 4*v, r = 5*v + 153. Suppose r = -5*l + 7*l. What is the tens digit of l?
7
Let t(q) = -424*q - 971. What is the hundreds digit of t(-10)?
2
Suppose 48 = 5*j + 3*b - b, j - 4 = b. Suppose -d = -0*d - j. Suppose -3*r = -9, d*v - 3*v - 3*r - 251 = 0. What is the tens digit of v?
5
Let b(h) = -h**3 - 14*h**2 - 2*h + 4. Suppose -4 = -4*u - 4*p - 8, 4*p = -20. Suppose a + 5 = -u*y - 5, -a - 19 = -5*y. What is the units digit of b(a)?
2
Suppose -3*f = 2*f - 15. Let g(z) = -z**3 + 21*z**2 + 71*z + 28. Let h be g(24). Suppose -156 = -h*d - f*w - w, d = -5*w + 23. What is the units digit of d?
3
Suppose -m = -2*m + 3*m. What is the tens digit of -3*((-1368)/27 - m/2)?
5
Suppose -1685 = -2*u + 3*s, 2*u - 7*s = -8*s + 1673. What is the hundreds digit of u?
8
Let o = 229 - -511. What is the units digit of o?
0
Let l(p) = -p**2 + 3 - 2*p + 0*p + 9*p. Suppose h - 6*h + 35 = 0. What is the units digit of l(h)?
3
Let i = 17 + -16. Let t(c) = c. Let v(r) = -76*r - 1. Let s(d) = i*t(d) + v(d). What is the tens digit of s(-1)?
7
Suppose 6 = -11*t + 14*t. Let x be (t/5)/(7/(-140)). What is the units digit of (-15)/20*x/3?
2
Let u = -20 + 21. Let a be -5 + 16 - 3*u. Let l = -1 + a. What is the units digit of l?
7
Suppose -4*u + y = -y - 14, 3*y = 4*u - 17. Suppose u*t = 9 + 1. Suppose 0 = 4*g + 4*p - 72, -t*p - 113 = -5*g + 7. What is the units digit of g?
1
Let j(m) = -7 - 2*m**2 + m**3 - 8 + 9 + 0 - 2*m. What is the units digit of j(5)?
9
Suppose -7057 = -13*c + 5150. What is the units digit of c?
9
Let m(h) = -8*h - 6. Let c be m(-7). Let g = 5 + c. What is the units digit of g?
5
Let h(t) = 15*t**3 - 14*t**2 + 10*t - 62. What is the tens digit of h(7)?
6
Let c = 67 - -129. What is the tens digit of c?
9
Let d(m) be the first derivative of -m**4/4 + m**2/2 - 2. What is the units digit of d(-2)?
6
Let q = -2 - -4. Let u(c) = 2 + 0 + q + 32*c - 3. What is the tens digit of u(1)?
3
What is the units digit 